y 77?
71
Suppose 62 = 2*p + 10. Let v(w) = 5*w - 114. What is the remainder when 33 is divided by v(p)?
1
Let k(w) = 192*w + 24233. Let l(c) = -38*c + 1. What is the remainder when l(-3) is divided by k(-126)?
33
Let r(z) = 3*z**3 + 145*z**2 - 104*z + 21. What is the remainder when r(-49) is divided by 145?
25
Suppose 3 + 12 = 5*m - 4*p, -5*p + 53 = 4*m. Calculate the remainder when -5 + 9*(-205)/(-15) is divided by m.
6
Suppose -33 = -4*v - 17. Suppose 0 = 5*s - o - 172, -5*o - 39 = -v*s + 86. Calculate the remainder when 67 is divided by s.
32
Let a(p) = -30*p**3 - p - 2. Suppose -3*w - 3*i = -4*i + 7, 4 = i. Let n be a(w). Let j = n + 54. What is the remainder when j is divided by 17?
15
Suppose 1221 = 3*n - 396. Let s = n - 420. Let j = -2 + 32. Calculate the remainder when s is divided by j.
29
Let r = -39 + 65. Let q be (2 - 18/4)*284/(-71). Let t = q + r. Calculate the remainder when t is divided by 10.
6
Suppose -4154 = -102*l + 3496. What is the remainder when l is divided by 37?
1
Let z be 10 + 96/(-10) - 23/(-5). Suppose -31 = z*r - 961. What is the remainder when r is divided by 27?
24
Let t(f) = 64*f - 24. Let z be t(6). Suppose 5*w - z = -5*i, 0*i - 3*w - 72 = -i. Calculate the remainder when i is divided by 30.
12
Let s(z) = -13*z + 52. Let i be s(4). Suppose -4*m + 3*g + 695 = i, -182 = -m - 3*g + g. What is the remainder when m is divided by 43?
4
Let t(k) = 5*k**3 - 46*k**2 + 16*k - 19. What is the remainder when 113 is divided by t(9)?
25
Suppose -10*s = -38 + 8. Let m be (44/(-2))/(s/(-3)). Let z = -18 + m. What is the remainder when z is divided by 2?
0
Let v(p) = -177*p + 1959. Calculate the remainder when 11877 is divided by v(11).
9
Suppose -17*x + 3203 = -3409 - 120. What is the remainder when 1188 is divided by x?
0
Suppose 0 = -2*s - 4*a - 52 + 160, -4*a - 168 = -4*s. What is the remainder when 76 is divided by s?
30
Let s = -1192 - -2098. Calculate the remainder when s is divided by 227.
225
Let a(c) = c**2 - 2*c - 4. Let o(h) = 6*h - 18. Let v be o(7). Suppose 3*r - 5*r + 38 = 4*l, r + 3*l - v = 0. What is the remainder when a(r) is divided by 20?
19
Suppose 1828*t - 1830*t = -350. Let y = -110 + 156. Calculate the remainder when t is divided by y.
37
Suppose -41*c = -49*c - 2976. Let b = -276 - c. Calculate the remainder when b is divided by 22.
8
Let a be (-18)/(-6)*(-2 - 3 - -3). Let n(b) = b**2 + 6*b + 20. Let z be n(a). Suppose z*p - 21*p = -26. Calculate the remainder when p is divided by 15.
11
Let y = -33 + 38. Let h be (-1 - (-1 - -2)) + y + 1. Suppose 2*a + 5*d = -a + 114, h*d + 21 = a. What is the remainder when a is divided by 6?
3
Let b be (-1)/4 + (-30)/8. Calculate the remainder when -116*b*(-3)/(-48) is divided by 19.
10
Let f(k) = k**2 - 19*k + 90. What is the remainder when f(18) is divided by 14?
2
Suppose 2*p + 11*v - 8*v - 4614 = 0, 2*p - 4598 = -v. Calculate the remainder when p is divided by 32.
23
Let f = 394 - 113. Let b = 328 - f. Calculate the remainder when b is divided by 19.
9
Suppose -3920 = -46*v + 89305 + 117133. What is the remainder when v is divided by 16?
13
Let i = -34701 + 34722. What is the remainder when 147 is divided by i?
0
Let w(y) = -5*y - 18. Let x be w(-4). Suppose 3*n + 3*l + 88 = -l, -x*n = -5*l + 97. Let t = n - -44. Calculate the remainder when 39 is divided by t.
7
Let l(a) = 6*a**2 + 69*a - 270. Calculate the remainder when l(-15) is divided by 13.
6
Let s = 8 + 1. Let i(h) = -h**3 + 4*h**2 + h - 9. Let f be -2 + (6/(-9) - (-2)/(-6)). Calculate the remainder when i(f) is divided by s.
6
Let y = 26449 - 26436. What is the remainder when 812 is divided by y?
6
Let v(f) = -2*f**2 + 93*f - 23. Calculate the remainder when 294 is divided by v(46).
18
What is the remainder when 58 is divided by 9 - (-5 + 9 + (-19 - -9))?
13
Suppose 3*s - l - 400 = 0, -7*l = 7*s - 6*l - 890. What is the remainder when s is divided by (-22)/(-6) + 1/3?
1
Let y(d) = d**3 - 92*d**2 + 447*d - 299. Calculate the remainder when 1493 is divided by y(87).
3
Let b = -571 - -958. Suppose 5*n = -13*p + 15*p + b, 5*p = 20. Calculate the remainder when n is divided by 12.
7
Let t = 946 - 6. What is the remainder when t is divided by 2?
0
Let x be (8 + -2)*(-3 + 14/4). Suppose -5*z - x*f = -2*f - 25, -f - 29 = -4*z. Let v(n) = -2*n + 30. Calculate the remainder when 60 is divided by v(z).
6
Let n = 65 + -61. Let j = 36 - n. Let x(z) = 15*z**2 - 2*z - 3. What is the remainder when x(3) is divided by j?
30
Let c(j) = -2*j**2 - 169*j + 306. Calculate the remainder when c(-85) is divided by 182.
39
What is the remainder when 230 is divided by (6 - -2)/((-7)/(-5 + -23))?
6
Suppose 310898 + 221847 - 181625 = 616*z. Calculate the remainder when z is divided by 83.
72
Suppose 0 = 35*f + 25 - 95. Suppose -4*h + 4*n = -332, -f*n + n = h - 91. Let m = 32 + -22. What is the remainder when h is divided by m?
7
Suppose -2*u = 2*u - 28. Let b(i) = 2*i**2 - 33*i - 21. Suppose -14*v + 148 + 104 = 0. Calculate the remainder when b(v) is divided by u.
5
Suppose -3*n = 109*n - 131 - 93. Let u be -1*0*(-3)/(-6). Suppose -4*v - x - 3 = -21, u = 3*v + 5*x - 5. Calculate the remainder when v is divided by n.
1
Suppose 30*v + 22 + 3968 = 0. Let f = -132 - v. What is the remainder when 9 is divided by f?
0
Suppose 0 = 4*q - 53 - 179. Suppose 0 = -53*k + q*k - 30. What is the remainder when 21 is divided by k?
3
Suppose 0 = 3*k + 3*k - 216. Suppose -4 + 4 = -4*f. Calculate the remainder when k is divided by (f + 171/(-6))*4/(-6).
17
Let v(u) = u**3 + 12*u**2 - 3*u - 27. Let c = -49 + 37. What is the remainder when (7 - 1)*(-72)/(-27) is divided by v(c)?
7
Let x(m) = -96*m - 3384. Let p(r) = 6*r + 212. Let z(g) = 33*p(g) + 2*x(g). What is the remainder when 36 is divided by z(-37)?
0
Let z(k) = -1 + 0*k + 4*k**2 - k + 0*k**2. Calculate the remainder when z(-6) is divided by 1050/20 + 348/(-232).
47
Calculate the remainder when 26375 is divided by (40/20 + 8/6)*588/70.
27
Suppose -313 = -4*y + 191. Let l be (-3 + -1*(3 + -6))/1. Suppose -4*k + 187 = 5*f, l = -2*k - 0*f + 5*f + 71. Calculate the remainder when y is divided by k.
40
Let h = 410 + -405. Suppose h*c - 11 = -1, -5*c = -4*n + 70. Calculate the remainder when 399 is divided by n.
19
Let t = -422 + 441. Let l be ((-4)/(-12) + 1)*(4 + -1). Suppose 4*f = l, 130 = 3*i + 4*f + 24. Calculate the remainder when i is divided by t.
15
Suppose -3*i + 23478 = 3*x, 3*i + x + x - 23481 = 0. What is the remainder when i is divided by 145?
144
Calculate the remainder when 715 + -1 + -35 + (34 - 1) is divided by 23.
22
Let h(d) = 20*d - 1981. Calculate the remainder when h(104) is divided by 18.
9
Suppose 90 = -962*i + 917*i. Suppose -4*x - 12 = -0*x. What is the remainder when 18/(1*i/x) is divided by 7?
6
Suppose -7*d + 840 = -17*d. Let h = 101 + d. Let z = 0 - -6. What is the remainder when h is divided by z?
5
Let s(x) = -x**2 - 11 + 4*x - 13*x**2 + 20*x**2. What is the remainder when s(8) is divided by 58?
57
Suppose -j + 155 = 3*l, l + 791 = -j + 6*j. Suppose -9*o = -j + 50. Calculate the remainder when 19 is divided by o.
7
Suppose -4*o = 8*n - 3*n - 367, -n = 3*o - 80. Suppose n = u + b, 4*u + 8*b = 6*b + 292. Calculate the remainder when u is divided by 16.
11
Calculate the remainder when (-1*(-37)/(-5) + 108/36)*-390 is divided by 427.
8
Suppose 4*w + 2*l = 26, -40*w - 2*l + 2 = -42*w. Suppose 2*f + 0*f + 4*j = 140, -w*j - 378 = -5*f. Calculate the remainder when 291 is divided by f.
69
Let y(g) = g**3 - 33*g**2 + 91*g - 7. Let w(q) = 1. Let b(z) = 2*w(z) + y(z). What is the remainder when 41 is divided by b(30)?
16
Let k(v) = -v**3 + 2*v**2 + v + 11. Let y be k(0). Suppose 228 = r + y*r. Calculate the remainder when r is divided by 3.
1
Suppose -2*l - 2*w = -394 + 36, 3*l - w = 525. Calculate the remainder when (-3)/1*(l/(-12) + 2) is divided by 351/9*1/3.
12
Let v(g) = 74*g**2 + 11*g + 39. Let x be v(-5). Suppose -x = 4*h - 11*h. Suppose 4*b + h = 6*b. What is the remainder when b is divided by 22?
21
Let w(h) = 3*h**2 + 4*h + 1. Let c(n) = 5*n**2 - 74*n + 4. What is the remainder when c(-3) is divided by w(-5)?
47
Suppose 3*t + 6 = 3*f, 0*t + 2*f = -5*t - 10. Let w(m) = -12*m + 1. Let n = 12201 + -12105. Calculate the remainder when n is divided by w(t).
21
Let d(v)